j - 4*j - 436 = m, -436 = -4*t - j. List the prime factors of t.
109
Suppose z + 4*s = 35305 + 1340, 4*s - 183177 = -5*z. List the prime factors of z.
3, 12211
Suppose 0 = 65*k - 64*k - 2. Suppose -k*i = -5*i - 2*b + 4, i - 5*b - 24 = 0. Suppose -i*v + 700 - 44 = 0. List the prime factors of v.
2, 41
Let k be 3 + (-11)/((-44)/12). What are the prime factors of ((2 - k) + -123)/((-2)/4)?
2, 127
Suppose 0 = 5*j - 3*m - 77, -4*j - 15 = -4*m - 83. Suppose -16*h + 597 = -j*h. Suppose -5*p + 3*p = s - 58, p = -3*s + h. List the prime factors of s.
2, 17
Suppose 4*q - 8 = j, 0*q = -3*q - 3*j + 21. Let a(d) = 17*d**3 - 4*d**2 + 9*d - 7. List the prime factors of a(q).
443
Let z(l) = l**3 - 66*l**2 + 332*l - 109. List the prime factors of z(61).
2, 769
Suppose 5*i - 4072 = 4*t, 2442 = 3*i - 5*t + 3*t. What are the prime factors of i?
2, 7, 29
Let a = -286 - -289. Suppose a*o = -3*z + 555, o + 2*o + 2*z - 557 = 0. What are the prime factors of o?
11, 17
Suppose 4297*j + 122986 = 2*f + 4293*j, 5*f - 3*j - 307514 = 0. List the prime factors of f.
61507
Let g be (140/25)/(-3 - 1398/(-465)). Let w = g - 600. List the prime factors of w.
2, 67
Suppose 0 = -4*t + 11 - 3. Suppose 4*d - 5*q + 7 = 0, -4*d + 1 = -t*q - 1. What are the prime factors of 0 + d + 5/5?
3
Let o(l) = -46*l - 5. Suppose -b = 4*f - 60, -3*f + 7*f = 2*b + 48. Suppose -5*k + f = 29. List the prime factors of o(k).
7, 19
Suppose 0 = 59*u + 53*u - 3257632. What are the prime factors of u?
2, 14543
Let s(o) = o**2 - 2*o - 4*o - 4 + 8. Let f be s(7). List the prime factors of ((-143)/2)/(f/(-22)).
11, 13
What are the prime factors of (-1292)/(-2736) - (-2)/(-8) - 34142/(-18)?
7, 271
Suppose -221*z = -218*z + 30. List the prime factors of ((-4)/z)/((-2)/(-1400)).
2, 5, 7
Suppose 435 = 57*o - 42*o. Let d(y) = 19*y + 21. List the prime factors of d(o).
2, 11, 13
Let n(a) = 2*a**2 - a - 6. Let i be n(-2). Suppose 7*r = i*r + 732. Let u = r + -137. What are the prime factors of u?
107
Suppose -3*c + 97 + 1757 = 0. Suppose -12*l - 1542 = c. Let k = -94 - l. What are the prime factors of k?
2, 43
Suppose -11*d = 18 - 95. Suppose 6*o + 285 = d*o. List the prime factors of o.
3, 5, 19
Let l = 2115 + -849. Suppose -2*g = 18 - l. Suppose -g = -2*v - 4*v. List the prime factors of v.
2, 13
Suppose 79 = -9*x + 97. Suppose 434 + 18 = x*i. List the prime factors of i.
2, 113
Let v = -149 - -156. Suppose -v*k = -330 - 2918. List the prime factors of k.
2, 29
Let l(p) = 5*p**2 + 18*p - 44. Let t be l(-14). Let x = t - 276. What are the prime factors of x?
2, 3, 17
Let h(j) = -14*j - 56. Let a(t) = 5*t + 19. Let i(c) = -11*a(c) - 4*h(c). Let v be i(-15). What are the prime factors of v - 4 - (-50 + 5)?
41
Suppose 6 = t - 4*x, -t - 2*x - 6 = -0*t. Let r be t/(-4) - (-300)/(-24). List the prime factors of (-1)/(20/r) - 312/(-5).
3, 7
Let i(y) = 2*y**2 - 17*y + 491. What are the prime factors of i(-34)?
3, 7, 23
Let s(j) = j**2 - 27*j - 161. Let q be s(36). Suppose -v - 8 = 2*c, -5*v - c = -3*c - 20. Suppose -x - n = -q, -2*n + 10 = v. What are the prime factors of x?
3, 53
Suppose 0 = -v - 4*c + 3434 - 469, 14781 = 5*v - 2*c. List the prime factors of v.
2957
Let r be -2*(1/(-2) - 1). Suppose -s + q - 3*q - 10 = 0, -r*s - 3*q - 15 = 0. Suppose 0 = -4*h + a + 280, a = -s*a. What are the prime factors of h?
2, 5, 7
Let v(f) = 37527*f**3 - 2*f**2 - 171*f + 172. List the prime factors of v(1).
2, 29, 647
Suppose -339*z + 687*z = 346*z + 11280. What are the prime factors of z?
2, 3, 5, 47
Let h be 4*8*5/10. Suppose 9*t - t = h. Suppose 0 = -3*v + t*p + 147, -v + 2*p + 2*p + 59 = 0. List the prime factors of v.
47
Let h(o) = 7 + 3 + 0 + 22*o. Suppose -186 = 3*l - 198. List the prime factors of h(l).
2, 7
Let w(h) be the third derivative of -9*h**4/4 - 23*h**3/3 - 7*h**2 + 5. List the prime factors of w(-2).
2, 31
Suppose -7*x - 3*i = -5*x - 131, -2*i + 300 = 5*x. List the prime factors of (x/(-3))/((-10)/45).
3, 29
Let z(c) = c + 34. Let g(p) = -p**2 - 22*p - 3. Let u be g(-23). Let f be z(u). What are the prime factors of 1 - (-314)/f - 45/180?
2, 5
Let h be 8310/9 + (-4)/(-6). Let l = 7480 - 7476. Suppose -15*p = -l*p - h. What are the prime factors of p?
2, 3, 7
Let k(y) = -87*y - 7. Let o be k(-3). Suppose -o = 20*m - 19*m. Let v = m - -389. List the prime factors of v.
3, 5
Suppose -2*w - 5*s = 55, 8*w - s + 55 = 4*w. What are the prime factors of (((-147)/w)/7)/(2/2270)?
7, 227
What are the prime factors of -24 + 16 + -22 + 13504?
2, 6737
Let v(n) = n**2 + 21*n + 18. Let u be v(-20). Let z(b) = 36*b**2 - 3*b - 5. List the prime factors of z(u).
5, 29
Let x(s) = 2*s + 28. Let k(u) = -u**2 - u. Let i(c) = -2*c + 12. Let l(n) = i(n) + k(n). Let h be l(3). List the prime factors of x(h).
2
What are the prime factors of 9298989/245 - 12/210?
5, 7591
Suppose d = -4*d + 5*t + 140, 5*d - 2*t - 128 = 0. Let j be (d/(-14))/(12/(-168)). Let m(v) = v**3 - 25*v**2 + 28*v - 31. What are the prime factors of m(j)?
5, 13
Suppose -9*f = -15*f. Let d(h) = h**2 + h + 28. Let t(q) = -q**2. Let i(m) = d(m) + 3*t(m). What are the prime factors of i(f)?
2, 7
Suppose -5*c - 8479 = 11071. Let k = -2614 - c. List the prime factors of k.
2, 3
Let n(f) = 8*f**3 + 2*f**2 - 2*f + 1. Let c be n(1). Let y be 378/c - (0 - 2). Let o = -37 + y. List the prime factors of o.
7
List the prime factors of 5961 - (-4)/(-2) - 320/40.
11, 541
What are the prime factors of (9902/4)/(11/44)?
2, 4951
Let d(n) be the first derivative of -n**4/4 + 2*n**3 + n**2/2 + 5*n + 13. Let o be d(6). Suppose z - 4 = o. List the prime factors of z.
3, 5
Let q be (55/44 + 3/(-4))*170. Suppose -207 = -2*k + 5*b + q, 4*k = -5*b + 644. List the prime factors of k.
2, 3, 13
Let v(a) = 5274*a**2 - 26*a. Let l be v(4). Suppose 48*m + 8*m = l. List the prime factors of m.
5, 7, 43
Let p be 4/(-18)*54/(-6). Suppose -171 = -y + 2*d, 644 = -y + 5*y + p*d. List the prime factors of y.
163
Suppose 298 = 2*y + 294. Suppose 0 = y*p - 91 - 289. List the prime factors of p.
2, 5, 19
List the prime factors of ((-4)/(-10))/(32/320)*1534.
2, 13, 59
Let w be 38/(-3) - 2/6. Let f(r) be the first derivative of -4*r**2 - 17*r - 2449. What are the prime factors of f(w)?
3, 29
Let p be ((-8816)/(-5) + 2)/(44/110). List the prime factors of (-15)/75 - p/(-15).
2, 3, 7
Suppose 0 = -3*t + 12, 0 = -5*i + 4*t - 79 - 12. Let o = -5 - i. What are the prime factors of (9*2)/(5*o/425)?
3, 17
Let f(h) = h**2 - 20*h + 73. Let v be f(16). Let r(s) = 4*s**2 + 19*s - 89. List the prime factors of r(v).
2, 7, 29
Let t be 4/2*(6 + 4). Let z be 6/(((-5)/t)/(2/(-12))). List the prime factors of ((-1640)/5)/z*-1.
2, 41
Suppose -4*u - 1162 = -h, -h + 5846 = 4*h - 2*u. Suppose -n + h = 2*y, -2*y - 586 = -3*y - n. What are the prime factors of y?
2, 73
Let z(t) = -5*t - 40. Let c = -33 - -5. What are the prime factors of z(c)?
2, 5
Suppose 2*f - 3*o = -860, -3*o + 157 - 2349 = 5*f. Let q = 653 + f. What are the prime factors of q?
7, 31
Let b(d) = 188*d - 2452. Let w be b(13). Let q(a) be the first derivative of -35*a**2/2 - 34*a + 1. What are the prime factors of q(w)?
2, 3, 41
Let x = -40 + 33. What are the prime factors of 9/15 - x/5?
2
Suppose 0 = 8*u - 348 - 12. Let b = 47 - u. Suppose -2*t - b*t = -360. What are the prime factors of t?
2, 3, 5
Suppose 9*h - 13*h = -1668. Suppose -r + h = 5*a, -4*r - 3*a + 1516 + 220 = 0. List the prime factors of r.
19, 23
Let v = -37 - -40. Let z(q) = 8*q - 3 - q - 13*q + q**v + 6*q**2. List the prime factors of z(-5).
2, 13
Let f = 89 + -84. Suppose 4*q - 5247 = 5*x, 3875 = 5*q + f*x - 2740. What are the prime factors of q?
2, 659
List the prime factors of 6 + -1 - (-6905 + 1).
3, 7, 47
Let i be (-2)/(-1 + 0) + -127. Let h = 178 + i. Let k = h - -16. What are the prime factors of k?
3, 23
Let j(u) = 2206*u - 1708. List the prime factors of j(15).
2, 13, 17, 71
Suppose -12 = a - 2*a. Let b = 1385 + -1374. Suppose b*k - 7*k = a. List the prime factors of k.
3
Let k = 7920 - 1646. What are the prime factors of k?
2, 3137
List the prime factors of (3 + (3 - -6))*(12140/12 - -1).
2, 7, 31
Let u = -6730 + 11912. What are the prime factors of u?
2, 2591
List the prime factors of (-63898)/(-22) - (-300)/550.
5, 7, 83
Suppose 5*l + 70*i - 68*i = 117548, 3*l + 2*i = 70528. What are t